pose -5*h - 18 = w. Let z = 7 + h. Determine u(z).
14
Let z(l) = 4*l**2 + 11*l + 22. Let h be z(-4). Let w(c) = 1 - 13*c - 27*c + h*c. Determine w(5).
11
Let u(p) = -p**2 + 18*p - 1. Let k(o) = -o**2 + 32*o - 18. Let w(q) = k(q) - 2*u(q). What is w(10)?
44
Let j(h) = 116*h + 30 + 108*h + 11 - 238*h. Determine j(3).
-1
Let h be 52/650 + 296/50. Let q(m) = -12*m + 9. Give q(h).
-63
Let j(f) be the third derivative of f**4/8 - f**3/6 + 5*f**2 - f - 7. Calculate j(-3).
-10
Let n = 142 + -95. Let u = -1459 - -1411. Let t = u + n. Let f(g) = 14*g**3 + 2*g + 1. Give f(t).
-15
Let n(q) = -q**2 - 2*q - 7. Let m(u) be the second derivative of -u**4/12 - 4*u**3/3 - 5*u**2/2 + 6*u - 2. Let k be m(-8). What is n(k)?
-22
Let s be (540/225)/(1/(-30)). Let h be (-46)/4 - s/48. Let c(r) = r**2 + 10*r + 1. What is c(h)?
1
Let v(m) = -m**2 - 2. Let x(n) = 2*n**3 - 4*n**2 - 7. Let s(z) = -5*z**3 + 11*z**2 + z + 21. Let k(d) = -3*s(d) - 8*x(d). Let o be k(-2). Determine v(o).
-11
Let x(v) = -v**3 - 4*v**2 + v + 1. Let l be -4 + 36/(-27) - (26/(-6) - -3). What is x(l)?
-3
Let y(q) = -q**3 - 13*q**2 - 25*q - 7. Suppose 24*i = -66*i - 30*i - 1320. Determine y(i).
26
Let n(l) = l**2 - 6*l - 7. Suppose -14*h - 56 = -0*h. What is n(h)?
33
Suppose 11*k = 30*k + 95. Let l(h) = -h**3 - 6*h**2 - 9*h - 15. Determine l(k).
5
Let m(t) be the third derivative of -3*t**2 + 0*t - 3/2*t**3 - 30 - 1/24*t**4. Determine m(-8).
-1
Let c(j) = 59*j**2 - 159*j + 11. Let i(p) = 28*p**2 - 78*p + 6. Let l(a) = -5*c(a) + 11*i(a). Give l(5).
21
Suppose -k = -q + 5, -k = -4*q - 0*k + 26. Suppose -24*j = -q - 17. Let w(m) = 2*m**3 + m**2 - 1. What is w(j)?
2
Let j(a) = 4*a. Let w be j(2). Suppose -d - w = 3*d. Let k(v) = -2*v + 4*v + 2*v**2 - 514 + 513. Determine k(d).
3
Let j(l) = 1. Let y be -1*(3/3 + 0). Let s(c) = -6*c - 3. Let o(v) = y*j(v) + s(v). Calculate o(4).
-28
Suppose 24 = -2*r - 2*r + 3*q, 2*r - 2*q = -14. Suppose 6*o = 10*o - 4, 0 = m + 5*o - 7. Let a be ((-1)/(r/(-8)))/(m/(-3)). Let n(w) = w - 8. What is n(a)?
-4
Let k = -7 - -12. Let g(y) = -k - 3*y - y + 2*y**3 - 7*y**2 - y**3 + 6*y. Suppose m = 164*t - 163*t, -3*t + 14 = -m. What is g(m)?
9
Let c = 8014 - 8003. Let w(p) = -p**3 + 11*p**2 - 1. Give w(c).
-1
Let t(l) = l**2 - 16*l + 31. Let p(g) = g**2 - 16*g + 29. Suppose 5*j = 24*c - 22*c + 5, 5*j - 25 = -2*c. Let i(w) = c*p(w) - 4*t(w). Give i(15).
6
Let t = 438 + -426. Let i(p) = 2*p**3 - 29*p**2 + 6. Let c(o) = o**3 - 15*o**2 + 3. Let q(f) = -5*c(f) + 3*i(f). Determine q(t).
3
Let f(g) = 9*g + 87. Let j(y) = -8*y - 86. Let z(l) = -6*f(l) - 7*j(l). Let d be z(0). Let u = d - 77. Let i(o) = -2*o - 3. Give i(u).
-9
Let o(c) be the second derivative of -1/20*c**5 - 1/3*c**3 + 0 + 134*c - 1/6*c**4 + 2*c**2. What is o(3)?
-47
Let u(d) be the third derivative of -d**4/24 + d**3/3 + 5277*d**2. Let o be 10/4*(-12)/(-10). Let k = o + -3. Give u(k).
2
Let j(r) = -5*r + 10. Let d = -191 - -197. Let q(b) = 14*b - 29. Let g(a) = d*q(a) + 17*j(a). Let c be (1 + -3 - 2)*-1. Calculate g(c).
-8
Let q = -57 - -60. Let g(s) = -215 - s**q - 6*s**2 - 215 + 7*s + 435. Give g(-6).
-37
Let u(h) = h**3 - 28*h**2 + 113*h + 41. Suppose -116692*o + 116694*o = 46. Determine u(o).
-5
Let w = 765 + -760. Let a(n) be the second derivative of n**3 + 1 - 1/2*n**2 - 1/20*n**w - 1/2*n**4 - 7*n. Give a(-7).
6
Let p(h) be the second derivative of h**5/20 - h**4/6 + h**3/6 - h**2/2 - 22*h + 2. Suppose 7 = 133*a - 126*a. Give p(a).
-1
Suppose -10 = -b - h - h, 3*b = -h + 5. Let i = b + -11. Let w(p) = -p - 17. Let d be w(i). Let t(a) = a + 5. Determine t(d).
-1
Let i(q) = 7*q**3 - q**2 + 3*q - 10. Suppose -l - 1 = 0, -6*k = -3*k + 2*l - 1. Let n(z) = -3*z**3 + z**2 - z - 1. Let j(a) = k*i(a) + 2*n(a). What is j(0)?
-12
Let n(c) = -2*c + 1. Let h be -3*(-3 + 7)*(-15)/9. Suppose h*q - 14*q - 12 = 0. Give n(q).
-3
Let p(n) = 1022*n + 351. Let i(q) = -2892*q - 1054. Let x(w) = 6*i(w) + 17*p(w). Calculate x(16).
-5
Let z(b) = 5*b**3 - 15*b**2 - 5*b + 8. Let x be z(3). Let k(i) = -i**3 - 3*i**2 + 30*i + 11. Give k(x).
-3
Let k be -5*1/(-15) - (-52)/(-12). Let p(z) = 8 + 6*z**2 + z**3 - 12 + z**3 + 3*z - z**3. Calculate p(k).
16
Suppose -6*l = -l. Let q(t) = 266*t + 3 + 55*t**2 - 268*t - 55*t**2 + t**2. Determine q(l).
3
Suppose 15 = -2*f + 21. Let g(o) = 20*o - 64. Let t be g(f). Let j(w) = -w**3 - 3*w**2 + 6*w + 6. Give j(t).
-2
Let b(y) = 10*y + 31. Let d(a) = -6*a - 26. Let r(o) = 2*b(o) + 3*d(o). What is r(15)?
14
Let p(f) = -4*f**2 - 3*f - 3. Let b be (-46)/299 - 82/(-26). Suppose -16*t = -b*t + 26. Determine p(t).
-13
Let f(x) = -3*x**2 + x + 4. Let g(b) = 17*b**2 - 3*b - 15. Let m(s) = 11*f(s) + 3*g(s). Give m(-1).
15
Let v(r) = -2*r + 1660194 + 4*r**2 - r**3 - 1660194. Let g(n) = -n**2 - 2*n + 3. Let q be g(0). What is v(q)?
3
Suppose 16 = 3*g - 5. Let f(k) = -k**2 - 4*k**2 + 2*k**2 + g*k + 2*k**2 + 2. Let u(c) = -69*c - 4684. Let w be u(-68). What is f(w)?
-6
Let w = -3372 - -3373. Let n(h) = 47*h + 1. What is n(w)?
48
Let a(v) = -v**2 - v + 4. Let m be 4/((-40)/106) + 4/(-10). Let l(n) = n + 20. Let o be l(m). Suppose -20 = o*u + 16. Calculate a(u).
-8
Let q be 2/(-3) - 84/36. Let v(x) = -x**2 - 2*x + 16. Give v(q).
13
Let z(g) = -2*g**2 - 2*g - 1. Let n be 107 - (4/(-7))/((-38)/133). Let o = n - 106. Calculate z(o).
-1
Let x(f) = f**3 - 3*f**2 - 22*f + 9. Suppose -128*z + 225*z = 122*z - 175. Give x(z).
51
Let x = 4329 - 4326. Let l(s) = -s**2 - 4*s + 9. Give l(x).
-12
Let m(q) = 64*q**2 + 3*q + 5. Let n be m(-2). Let t = 251 - n. Let o(z) = -9*z - 6. Calculate o(t).
30
Let k(v) = -2*v**3 - 4*v**2 + 5*v + 12. Let i be k(-4). Suppose -12*o + 20*o - i = 0. Let n(l) = -l**3 + 6*l**2 + 5*l + 11. Determine n(o).
-3
Let m(b) = -b**3 - 10*b**2 + 5*b + 11*b - 3 - 25 - 28*b. Give m(-9).
-1
Let k(j) = j - 5. Let t(p) = 3*p + 13. Let m(z) = -13*k(z) - 4*t(z). Determine m(1).
-12
Let d be ((-3 - (-8 - 3)) + -7)*-9. Let w(y) = -y**3 - 10*y**2 + y. What is w(d)?
-90
Suppose 32 - 307 = -55*z. Let x(p) = p**2 - 2*p - 15. What is x(z)?
0
Let t(p) = -p**2 + 4*p + 1. Let m be 2/12 - (-307032)/(-144). Let l be 4/(-18) - m/117. Suppose -l = -4*d + d. Determine t(d).
-11
Let j(i) be the second derivative of i**4/12 - 2*i**3 + 2*i**2 + 3*i + 164. What is j(11)?
-7
Let b be 44/22 - (-4)/(3 + 1)*2. Let d(n) = 37*n + 17. What is d(b)?
165
Let u(c) be the first derivative of -c**5/120 + c**4/12 - 169*c**3/3 - 22. Let o(l) be the third derivative of u(l). What is o(9)?
-7
Let t(j) = 6*j**3 - 5*j**2 + 9*j + 17. Let l(v) = 7*v**3 - 4*v**2 + 9*v + 22. Let k(c) = 7*l(c) - 8*t(c). Determine k(-13).
-34
Let h be (10/(-30))/(20/60). Let w(t) = 9*t**2 + 6*t + 3. Give w(h).
6
Suppose -116*j - 1564 = 1220. Let l(m) = -4*m - 87. What is l(j)?
9
Let f(w) = 39*w + 13*w**2 - 30*w**2 + 14 + 18*w**2 - 12 - w**3. Give f(7).
-19
Let n(m) = 14*m**2 + 55*m + m**3 + 3*m**2 + 6 - 124*m - 18*m - 23*m. Calculate n(-22).
6
Let g(y) = y**3 + 18*y**2 - 42*y + 14. Let x be g(-20). Let v = x - 59. Let d(j) = -j. Calculate d(v).
5
Let m(h) be the first derivative of h**4/4 - 3*h**3 + 10*h**2 - 17*h - 2787. What is m(6)?
-5
Suppose -190 - 179 + 318 = 17*q. Let g(p) = -p**3 - 15*p**2 - 34*p - 1. What is g(q)?
-7
Let v(g) = g**2 + 23*g + 25. Let c = 4448 - 4469. Calculate v(c).
-17
Let d = -87 - -91. Suppose 0 = -m - 6*z + 3*z + 77, z - d = 0. Let x(u) = u**3 + m + u - 65. What is x(0)?
0
Let o(l) = -2*l + 7. Let u be o(8). Let w(f) = 3*f**3 - 15*f**2 - 10*f - 6. Let q(d) = -2*d**3 + 12*d**2 + 7*d + 4. Let v(a) = 7*q(a) + 5*w(a). Calculate v(u).
7
Let b(c) = -2*c - 9. Let n(o) = 8*o + 10. Let u = -467 + 465. Let t be n(u). Determine b(t).
3
Let z(s) = -9*s - 37. Let m be (-6 - (9 - (1 - -8)))*1. What is z(m)?
17
Let z(g) = -2*g - g + 122*g**2 - 246*g**2 + 2 + 0*g + 125*g**2. What is z(4)?
6
Let t be ((-266)/(-76))/(1/2). Let f be (-61)/t + 10/(-35). Let m(q) = -q**3 - 8*q**2 + 7*q - 4. Calculate m(f).
14
Let x(f) be the first derivative of -f**2/2 - f - 2. Let w be 36/14*(-14)/(-4). Suppose -w*d - 6 = -6*d. Give x(d).
1
Let t(k) = -k**3 - 9*k**2 + 46*k - 79. Let o(g) = 68*g - 8105. Let h be o(119). Give t(h).
-1
Let v(f) = f**2 - 19*f + 30. Let d = 16562 - 16544. What is v(d)?
12
Let q(s) be the second derivative of -s**6/360 + s**5/10 + s**4/4 + 23*s**3/3 - 86*s